{"id":226,"date":"2020-11-02T14:04:33","date_gmt":"2020-11-02T14:04:33","guid":{"rendered":"https:\/\/rosmarinchenskraeuterzauberey.de\/?post_type=product&#038;p=226"},"modified":"2020-12-10T17:07:24","modified_gmt":"2020-12-10T17:07:24","slug":"rosmarin","status":"publish","type":"product","link":"https:\/\/rosmarinchenskraeuterzauberey.de\/?product=rosmarin","title":{"rendered":"Rosmarin"},"content":{"rendered":"<p><strong>Beschreibung:<br \/>\n<\/strong>Rosmarin ( rosmarinus officinalis )<br \/>\nAndere Namen: Meertau, Brautkraut<br \/>\nEin wichtiger Bestandteil der Kr\u00e4uterbuschen zu Maria Himmelfahrt.<br \/>\nDer Rosmarin steht f\u00fcr das Leben\/Liebe und den Tod.<br \/>\nSo legte man den Verstorbenen Rosmarin in die letzte St\u00e4tte, gab aber auch den Br\u00e4uten einen Zweig in die Hand.<br \/>\nNoch heute gibt es viele gelebte Traditionen mit und um den Rosmarin.<br \/>\nDer Rosmarin ist auch Namensgeber meiner Seite, da ich von Kindheit an eine besondere N\u00e4he und Liebe zu diesem wundervollen Gew\u00e4chs habe.<\/p>\n<p><strong>Verwendung und Wirkung:<\/strong><br \/>\nUnterst\u00fctzt das Loslassen bei Trauerarbeit.<br \/>\nEr schenkt Trost und Gl\u00fcck.<br \/>\nF\u00fchrt zur\u00fcck ins Leben nach Niedergeschlagenheit und bringt Gef\u00fchl der Lebendigkeit wieder.<br \/>\nSehr gut geeignet f\u00fcr \u00dcbergangriten aller Art.<br \/>\nReinigend, sch\u00fctzend und belebend, sagt man ihm zu.<\/p>\n<p><strong>Duft:<\/strong><br \/>\nkr\u00e4ftig, aromatisch, w\u00fcrzig<\/p>\n<p><strong>Anwendung:<\/strong><br \/>\nZu r\u00e4uchern auf Kohle oder St\u00f6vchen, einzeln oder als Mischung.<\/p>\n<p><strong>Verpackung:<\/strong><br \/>\nDas R\u00e4ucherwerk wird im Aromaschutzbeutel versandt.<\/p>\n<p><strong>Wichtiger Hinweis:<\/strong><br \/>\nDie R\u00e4ucherstoffe sind\/ ersetzen keine Heil- und Arzneimittel.<br \/>\nR\u00e4ucherwerk ist von Kindern und Tieren fernzuhalten.<\/p>\n","protected":false},"excerpt":{"rendered":"<p>Beschreibung: Rosmarin ( rosmarinus officinalis ) Andere Namen: Meertau, Brautkraut Ein wichtiger Bestandteil der Kr\u00e4uterbuschen zu Maria Himmelfahrt. Der Rosmarin steht f\u00fcr das Leben\/Liebe und den Tod. So legte man den Verstorbenen Rosmarin in die letzte St\u00e4tte, gab aber auch den Br\u00e4uten einen Zweig in die Hand. Noch heute gibt es viele gelebte Traditionen mit&hellip;&nbsp;<a href=\"https:\/\/rosmarinchenskraeuterzauberey.de\/?product=rosmarin\" class=\"\" rel=\"bookmark\">Weiterlesen &raquo;<span class=\"screen-reader-text\">Rosmarin<\/span><\/a><\/p>\n","protected":false},"featured_media":176,"comment_status":"open","ping_status":"closed","template":"","meta":{"neve_meta_sidebar":"","neve_meta_container":"","neve_meta_enable_content_width":"off","neve_meta_content_width":0,"neve_meta_title_alignment":"","neve_meta_author_avatar":"","neve_post_elements_order":"","neve_meta_disable_header":"","neve_meta_disable_footer":"","neve_meta_disable_title":"","_themeisle_gutenberg_block_has_review":false,"_ti_tpc_template_sync":false,"_ti_tpc_template_id":""},"product_cat":[35],"product_tag":[],"yoast_head":"<!-- This site is optimized with the Yoast SEO plugin v18.5.1 - https:\/\/yoast.com\/wordpress\/plugins\/seo\/ -->\n<title>Rosmarin - Rosmarinchens Kraeuterzauberey<\/title>\n<meta name=\"robots\" content=\"index, follow, max-snippet:-1, max-image-preview:large, max-video-preview:-1\" \/>\n<link rel=\"canonical\" href=\"https:\/\/rosmarinchenskraeuterzauberey.de\/?product=rosmarin\" \/>\n<meta property=\"og:locale\" content=\"de_DE\" \/>\n<meta property=\"og:type\" content=\"article\" \/>\n<meta property=\"og:title\" content=\"Rosmarin - Rosmarinchens Kraeuterzauberey\" \/>\n<meta property=\"og:description\" content=\"Beschreibung: Rosmarin ( rosmarinus officinalis ) Andere Namen: Meertau, Brautkraut Ein wichtiger Bestandteil der Kr\u00e4uterbuschen zu Maria Himmelfahrt. Der Rosmarin steht f\u00fcr das Leben\/Liebe und den Tod. So legte man den Verstorbenen Rosmarin in die letzte St\u00e4tte, gab aber auch den Br\u00e4uten einen Zweig in die Hand. Noch heute gibt es viele gelebte Traditionen mit&hellip;&nbsp;Weiterlesen &raquo;Rosmarin\" \/>\n<meta property=\"og:url\" content=\"https:\/\/rosmarinchenskraeuterzauberey.de\/?product=rosmarin\" \/>\n<meta property=\"og:site_name\" content=\"Rosmarinchens Kraeuterzauberey\" \/>\n<meta property=\"article:modified_time\" content=\"2020-12-10T17:07:24+00:00\" \/>\n<meta property=\"og:image\" content=\"https:\/\/rosmarinchenskraeuterzauberey.de\/wp-content\/uploads\/2020\/09\/DSC8368_rosmarin.jpg\" \/>\n\t<meta property=\"og:image:width\" content=\"2000\" \/>\n\t<meta property=\"og:image:height\" content=\"1335\" \/>\n\t<meta property=\"og:image:type\" content=\"image\/jpeg\" \/>\n<meta name=\"twitter:card\" content=\"summary_large_image\" \/>\n<meta name=\"twitter:label1\" content=\"Gesch\u00e4tzte Lesezeit\" \/>\n\t<meta name=\"twitter:data1\" content=\"1\u00a0Minute\" \/>\n<script type=\"application\/ld+json\" class=\"yoast-schema-graph\">{\"@context\":\"https:\/\/schema.org\",\"@graph\":[{\"@type\":\"WebSite\",\"@id\":\"https:\/\/rosmarinchenskraeuterzauberey.de\/#website\",\"url\":\"https:\/\/rosmarinchenskraeuterzauberey.de\/\",\"name\":\"Rosmarinchens Kraeuterzauberey\",\"description\":\"R\u00e4uchermischungen &amp; R\u00e4ucherzubeh\u00f6r kaufen\",\"potentialAction\":[{\"@type\":\"SearchAction\",\"target\":{\"@type\":\"EntryPoint\",\"urlTemplate\":\"https:\/\/rosmarinchenskraeuterzauberey.de\/?s={search_term_string}\"},\"query-input\":\"required name=search_term_string\"}],\"inLanguage\":\"de\"},{\"@type\":\"ImageObject\",\"@id\":\"https:\/\/rosmarinchenskraeuterzauberey.de\/?product=rosmarin#primaryimage\",\"inLanguage\":\"de\",\"url\":\"https:\/\/rosmarinchenskraeuterzauberey.de\/wp-content\/uploads\/2020\/09\/DSC8368_rosmarin.jpg\",\"contentUrl\":\"https:\/\/rosmarinchenskraeuterzauberey.de\/wp-content\/uploads\/2020\/09\/DSC8368_rosmarin.jpg\",\"width\":2000,\"height\":1335},{\"@type\":\"WebPage\",\"@id\":\"https:\/\/rosmarinchenskraeuterzauberey.de\/?product=rosmarin#webpage\",\"url\":\"https:\/\/rosmarinchenskraeuterzauberey.de\/?product=rosmarin\",\"name\":\"Rosmarin - Rosmarinchens Kraeuterzauberey\",\"isPartOf\":{\"@id\":\"https:\/\/rosmarinchenskraeuterzauberey.de\/#website\"},\"primaryImageOfPage\":{\"@id\":\"https:\/\/rosmarinchenskraeuterzauberey.de\/?product=rosmarin#primaryimage\"},\"datePublished\":\"2020-11-02T14:04:33+00:00\",\"dateModified\":\"2020-12-10T17:07:24+00:00\",\"breadcrumb\":{\"@id\":\"https:\/\/rosmarinchenskraeuterzauberey.de\/?product=rosmarin#breadcrumb\"},\"inLanguage\":\"de\",\"potentialAction\":[{\"@type\":\"ReadAction\",\"target\":[\"https:\/\/rosmarinchenskraeuterzauberey.de\/?product=rosmarin\"]}]},{\"@type\":\"BreadcrumbList\",\"@id\":\"https:\/\/rosmarinchenskraeuterzauberey.de\/?product=rosmarin#breadcrumb\",\"itemListElement\":[{\"@type\":\"ListItem\",\"position\":1,\"name\":\"Home\",\"item\":\"https:\/\/rosmarinchenskraeuterzauberey.de\/\"},{\"@type\":\"ListItem\",\"position\":2,\"name\":\"Shop\",\"item\":\"https:\/\/rosmarinchenskraeuterzauberey.de\/?page_id=7\"},{\"@type\":\"ListItem\",\"position\":3,\"name\":\"Rosmarin\"}]}]}<\/script>\n<!-- \/ Yoast SEO plugin. -->","yoast_head_json":{"title":"Rosmarin - Rosmarinchens Kraeuterzauberey","robots":{"index":"index","follow":"follow","max-snippet":"max-snippet:-1","max-image-preview":"max-image-preview:large","max-video-preview":"max-video-preview:-1"},"canonical":"https:\/\/rosmarinchenskraeuterzauberey.de\/?product=rosmarin","og_locale":"de_DE","og_type":"article","og_title":"Rosmarin - Rosmarinchens Kraeuterzauberey","og_description":"Beschreibung: Rosmarin ( rosmarinus officinalis ) Andere Namen: Meertau, Brautkraut Ein wichtiger Bestandteil der Kr\u00e4uterbuschen zu Maria Himmelfahrt. Der Rosmarin steht f\u00fcr das Leben\/Liebe und den Tod. So legte man den Verstorbenen Rosmarin in die letzte St\u00e4tte, gab aber auch den Br\u00e4uten einen Zweig in die Hand. Noch heute gibt es viele gelebte Traditionen mit&hellip;&nbsp;Weiterlesen &raquo;Rosmarin","og_url":"https:\/\/rosmarinchenskraeuterzauberey.de\/?product=rosmarin","og_site_name":"Rosmarinchens Kraeuterzauberey","article_modified_time":"2020-12-10T17:07:24+00:00","og_image":[{"width":2000,"height":1335,"url":"https:\/\/rosmarinchenskraeuterzauberey.de\/wp-content\/uploads\/2020\/09\/DSC8368_rosmarin.jpg","type":"image\/jpeg"}],"twitter_card":"summary_large_image","twitter_misc":{"Gesch\u00e4tzte Lesezeit":"1\u00a0Minute"},"schema":{"@context":"https:\/\/schema.org","@graph":[{"@type":"WebSite","@id":"https:\/\/rosmarinchenskraeuterzauberey.de\/#website","url":"https:\/\/rosmarinchenskraeuterzauberey.de\/","name":"Rosmarinchens Kraeuterzauberey","description":"R\u00e4uchermischungen &amp; R\u00e4ucherzubeh\u00f6r kaufen","potentialAction":[{"@type":"SearchAction","target":{"@type":"EntryPoint","urlTemplate":"https:\/\/rosmarinchenskraeuterzauberey.de\/?s={search_term_string}"},"query-input":"required name=search_term_string"}],"inLanguage":"de"},{"@type":"ImageObject","@id":"https:\/\/rosmarinchenskraeuterzauberey.de\/?product=rosmarin#primaryimage","inLanguage":"de","url":"https:\/\/rosmarinchenskraeuterzauberey.de\/wp-content\/uploads\/2020\/09\/DSC8368_rosmarin.jpg","contentUrl":"https:\/\/rosmarinchenskraeuterzauberey.de\/wp-content\/uploads\/2020\/09\/DSC8368_rosmarin.jpg","width":2000,"height":1335},{"@type":"WebPage","@id":"https:\/\/rosmarinchenskraeuterzauberey.de\/?product=rosmarin#webpage","url":"https:\/\/rosmarinchenskraeuterzauberey.de\/?product=rosmarin","name":"Rosmarin - Rosmarinchens Kraeuterzauberey","isPartOf":{"@id":"https:\/\/rosmarinchenskraeuterzauberey.de\/#website"},"primaryImageOfPage":{"@id":"https:\/\/rosmarinchenskraeuterzauberey.de\/?product=rosmarin#primaryimage"},"datePublished":"2020-11-02T14:04:33+00:00","dateModified":"2020-12-10T17:07:24+00:00","breadcrumb":{"@id":"https:\/\/rosmarinchenskraeuterzauberey.de\/?product=rosmarin#breadcrumb"},"inLanguage":"de","potentialAction":[{"@type":"ReadAction","target":["https:\/\/rosmarinchenskraeuterzauberey.de\/?product=rosmarin"]}]},{"@type":"BreadcrumbList","@id":"https:\/\/rosmarinchenskraeuterzauberey.de\/?product=rosmarin#breadcrumb","itemListElement":[{"@type":"ListItem","position":1,"name":"Home","item":"https:\/\/rosmarinchenskraeuterzauberey.de\/"},{"@type":"ListItem","position":2,"name":"Shop","item":"https:\/\/rosmarinchenskraeuterzauberey.de\/?page_id=7"},{"@type":"ListItem","position":3,"name":"Rosmarin"}]}]}},"_links":{"self":[{"href":"https:\/\/rosmarinchenskraeuterzauberey.de\/index.php?rest_route=\/wp\/v2\/product\/226"}],"collection":[{"href":"https:\/\/rosmarinchenskraeuterzauberey.de\/index.php?rest_route=\/wp\/v2\/product"}],"about":[{"href":"https:\/\/rosmarinchenskraeuterzauberey.de\/index.php?rest_route=\/wp\/v2\/types\/product"}],"replies":[{"embeddable":true,"href":"https:\/\/rosmarinchenskraeuterzauberey.de\/index.php?rest_route=%2Fwp%2Fv2%2Fcomments&post=226"}],"wp:featuredmedia":[{"embeddable":true,"href":"https:\/\/rosmarinchenskraeuterzauberey.de\/index.php?rest_route=\/wp\/v2\/media\/176"}],"wp:attachment":[{"href":"https:\/\/rosmarinchenskraeuterzauberey.de\/index.php?rest_route=%2Fwp%2Fv2%2Fmedia&parent=226"}],"wp:term":[{"taxonomy":"product_cat","embeddable":true,"href":"https:\/\/rosmarinchenskraeuterzauberey.de\/index.php?rest_route=%2Fwp%2Fv2%2Fproduct_cat&post=226"},{"taxonomy":"product_tag","embeddable":true,"href":"https:\/\/rosmarinchenskraeuterzauberey.de\/index.php?rest_route=%2Fwp%2Fv2%2Fproduct_tag&post=226"}],"curies":[{"name":"wp","href":"https:\/\/api.w.org\/{rel}","templated":true}]}}