{"id":329,"date":"2020-12-06T11:45:49","date_gmt":"2020-12-06T11:45:49","guid":{"rendered":"https:\/\/rosmarinchenskraeuterzauberey.de\/?post_type=product&#038;p=329"},"modified":"2020-12-09T19:19:00","modified_gmt":"2020-12-09T19:19:00","slug":"angelikawurzel","status":"publish","type":"product","link":"https:\/\/rosmarinchenskraeuterzauberey.de\/?product=angelikawurzel","title":{"rendered":"Angelikawurzel"},"content":{"rendered":"<p><strong><br \/>\n<\/strong><strong>Beschreibung:<\/strong><br \/>\nEngelwurz\u00a0 (Angelica archangelica) hat ihren Namen vom lateinischen Wort Angelus, was Engel bedeutet.<br \/>\nLaut Sage wurde sie den Menschen von einem Engel geschenkt, als Heil- und Schutzkraut.<\/p>\n<p><strong>Verwendung und Wirkung:<\/strong><br \/>\nWird in Schutz &#8211; und Reinigungsr\u00e4ucherungen verwendet.<br \/>\nHilft Vertrauen und lichtbringende Eigenschaften zu st\u00e4rken und erkennen.<br \/>\nDadurch hilft sie uns unser eigenes Licht zu erkennen.<br \/>\nUnterst\u00fctzt die Selbstfindung.<br \/>\nSie st\u00e4rkt unsere Nerven, wirkt ausgleichend und aktivierend auf unsere Chakren.<br \/>\nUnterst\u00fctzt die Kommunikation mit Engelwesen.<br \/>\nZur Abwehr von dunklen Energien.<br \/>\nDer Rauch von Angelika hat eine beruhigende, erdende Wirkung auf K\u00f6rper und Geist.<\/p>\n<p><strong>Duft:<\/strong><br \/>\nschwer, erdig<\/p>\n<p><strong>Anwendung:<br \/>\n<\/strong>Zu r\u00e4uchern auf Kohle oder St\u00f6vchen, einzeln oder als Mischung.<\/p>\n<p><strong>Verpackung:<br \/>\n<\/strong>Die R\u00e4ucherwerk wird versiegelt im Glas versandt.<\/p>\n<p><strong>Wichtiger Hinweis:<br \/>\n<\/strong>Die R\u00e4ucherstoffe sind\/ ersetzen keine Heil- und Arzneimittel.<br \/>\nR\u00e4ucherwerk ist von Kindern und Tieren fernzuhalten.<\/p>\n<p>&nbsp;<\/p>\n","protected":false},"excerpt":{"rendered":"<p>Beschreibung: Engelwurz\u00a0 (Angelica archangelica) hat ihren Namen vom lateinischen Wort Angelus, was Engel bedeutet. Laut Sage wurde sie den Menschen von einem Engel geschenkt, als Heil- und Schutzkraut. Verwendung und Wirkung: Wird in Schutz &#8211; und Reinigungsr\u00e4ucherungen verwendet. Hilft Vertrauen und lichtbringende Eigenschaften zu st\u00e4rken und erkennen. Dadurch hilft sie uns unser eigenes Licht zu&hellip;&nbsp;<a href=\"https:\/\/rosmarinchenskraeuterzauberey.de\/?product=angelikawurzel\" class=\"\" rel=\"bookmark\">Weiterlesen &raquo;<span class=\"screen-reader-text\">Angelikawurzel<\/span><\/a><\/p>\n","protected":false},"featured_media":242,"comment_status":"open","ping_status":"closed","template":"","meta":{"neve_meta_sidebar":"","neve_meta_container":"","neve_meta_enable_content_width":"off","neve_meta_content_width":0,"neve_meta_title_alignment":"","neve_meta_author_avatar":"","neve_post_elements_order":"","neve_meta_disable_header":"","neve_meta_disable_footer":"","neve_meta_disable_title":"","_themeisle_gutenberg_block_has_review":false,"_ti_tpc_template_sync":false,"_ti_tpc_template_id":""},"product_cat":[30],"product_tag":[],"yoast_head":"<!-- This site is optimized with the Yoast SEO plugin v18.5.1 - https:\/\/yoast.com\/wordpress\/plugins\/seo\/ -->\n<title>Angelikawurzel - Rosmarinchens Kraeuterzauberey<\/title>\n<meta name=\"robots\" content=\"index, follow, max-snippet:-1, max-image-preview:large, max-video-preview:-1\" \/>\n<link rel=\"canonical\" href=\"https:\/\/rosmarinchenskraeuterzauberey.de\/?product=angelikawurzel\" \/>\n<meta property=\"og:locale\" content=\"de_DE\" \/>\n<meta property=\"og:type\" content=\"article\" \/>\n<meta property=\"og:title\" content=\"Angelikawurzel - Rosmarinchens Kraeuterzauberey\" \/>\n<meta property=\"og:description\" content=\"Beschreibung: Engelwurz\u00a0 (Angelica archangelica) hat ihren Namen vom lateinischen Wort Angelus, was Engel bedeutet. Laut Sage wurde sie den Menschen von einem Engel geschenkt, als Heil- und Schutzkraut. Verwendung und Wirkung: Wird in Schutz &#8211; und Reinigungsr\u00e4ucherungen verwendet. Hilft Vertrauen und lichtbringende Eigenschaften zu st\u00e4rken und erkennen. Dadurch hilft sie uns unser eigenes Licht zu&hellip;&nbsp;Weiterlesen &raquo;Angelikawurzel\" \/>\n<meta property=\"og:url\" content=\"https:\/\/rosmarinchenskraeuterzauberey.de\/?product=angelikawurzel\" \/>\n<meta property=\"og:site_name\" content=\"Rosmarinchens Kraeuterzauberey\" \/>\n<meta property=\"article:modified_time\" content=\"2020-12-09T19:19:00+00:00\" \/>\n<meta property=\"og:image\" content=\"https:\/\/rosmarinchenskraeuterzauberey.de\/wp-content\/uploads\/2020\/11\/DSC8416-1.jpg\" \/>\n\t<meta property=\"og:image:width\" content=\"2000\" \/>\n\t<meta property=\"og:image:height\" content=\"1335\" \/>\n\t<meta property=\"og:image:type\" content=\"image\/jpeg\" \/>\n<meta name=\"twitter:card\" content=\"summary_large_image\" \/>\n<meta name=\"twitter:label1\" content=\"Gesch\u00e4tzte Lesezeit\" \/>\n\t<meta name=\"twitter:data1\" content=\"1\u00a0Minute\" \/>\n<script type=\"application\/ld+json\" class=\"yoast-schema-graph\">{\"@context\":\"https:\/\/schema.org\",\"@graph\":[{\"@type\":\"WebSite\",\"@id\":\"https:\/\/rosmarinchenskraeuterzauberey.de\/#website\",\"url\":\"https:\/\/rosmarinchenskraeuterzauberey.de\/\",\"name\":\"Rosmarinchens Kraeuterzauberey\",\"description\":\"R\u00e4uchermischungen &amp; R\u00e4ucherzubeh\u00f6r kaufen\",\"potentialAction\":[{\"@type\":\"SearchAction\",\"target\":{\"@type\":\"EntryPoint\",\"urlTemplate\":\"https:\/\/rosmarinchenskraeuterzauberey.de\/?s={search_term_string}\"},\"query-input\":\"required name=search_term_string\"}],\"inLanguage\":\"de\"},{\"@type\":\"ImageObject\",\"@id\":\"https:\/\/rosmarinchenskraeuterzauberey.de\/?product=angelikawurzel#primaryimage\",\"inLanguage\":\"de\",\"url\":\"https:\/\/rosmarinchenskraeuterzauberey.de\/wp-content\/uploads\/2020\/11\/DSC8416-1.jpg\",\"contentUrl\":\"https:\/\/rosmarinchenskraeuterzauberey.de\/wp-content\/uploads\/2020\/11\/DSC8416-1.jpg\",\"width\":2000,\"height\":1335},{\"@type\":\"WebPage\",\"@id\":\"https:\/\/rosmarinchenskraeuterzauberey.de\/?product=angelikawurzel#webpage\",\"url\":\"https:\/\/rosmarinchenskraeuterzauberey.de\/?product=angelikawurzel\",\"name\":\"Angelikawurzel - Rosmarinchens Kraeuterzauberey\",\"isPartOf\":{\"@id\":\"https:\/\/rosmarinchenskraeuterzauberey.de\/#website\"},\"primaryImageOfPage\":{\"@id\":\"https:\/\/rosmarinchenskraeuterzauberey.de\/?product=angelikawurzel#primaryimage\"},\"datePublished\":\"2020-12-06T11:45:49+00:00\",\"dateModified\":\"2020-12-09T19:19:00+00:00\",\"breadcrumb\":{\"@id\":\"https:\/\/rosmarinchenskraeuterzauberey.de\/?product=angelikawurzel#breadcrumb\"},\"inLanguage\":\"de\",\"potentialAction\":[{\"@type\":\"ReadAction\",\"target\":[\"https:\/\/rosmarinchenskraeuterzauberey.de\/?product=angelikawurzel\"]}]},{\"@type\":\"BreadcrumbList\",\"@id\":\"https:\/\/rosmarinchenskraeuterzauberey.de\/?product=angelikawurzel#breadcrumb\",\"itemListElement\":[{\"@type\":\"ListItem\",\"position\":1,\"name\":\"Home\",\"item\":\"https:\/\/rosmarinchenskraeuterzauberey.de\/\"},{\"@type\":\"ListItem\",\"position\":2,\"name\":\"Shop\",\"item\":\"https:\/\/rosmarinchenskraeuterzauberey.de\/?page_id=7\"},{\"@type\":\"ListItem\",\"position\":3,\"name\":\"Angelikawurzel\"}]}]}<\/script>\n<!-- \/ Yoast SEO plugin. -->","yoast_head_json":{"title":"Angelikawurzel - Rosmarinchens Kraeuterzauberey","robots":{"index":"index","follow":"follow","max-snippet":"max-snippet:-1","max-image-preview":"max-image-preview:large","max-video-preview":"max-video-preview:-1"},"canonical":"https:\/\/rosmarinchenskraeuterzauberey.de\/?product=angelikawurzel","og_locale":"de_DE","og_type":"article","og_title":"Angelikawurzel - Rosmarinchens Kraeuterzauberey","og_description":"Beschreibung: Engelwurz\u00a0 (Angelica archangelica) hat ihren Namen vom lateinischen Wort Angelus, was Engel bedeutet. Laut Sage wurde sie den Menschen von einem Engel geschenkt, als Heil- und Schutzkraut. Verwendung und Wirkung: Wird in Schutz &#8211; und Reinigungsr\u00e4ucherungen verwendet. Hilft Vertrauen und lichtbringende Eigenschaften zu st\u00e4rken und erkennen. Dadurch hilft sie uns unser eigenes Licht zu&hellip;&nbsp;Weiterlesen &raquo;Angelikawurzel","og_url":"https:\/\/rosmarinchenskraeuterzauberey.de\/?product=angelikawurzel","og_site_name":"Rosmarinchens Kraeuterzauberey","article_modified_time":"2020-12-09T19:19:00+00:00","og_image":[{"width":2000,"height":1335,"url":"https:\/\/rosmarinchenskraeuterzauberey.de\/wp-content\/uploads\/2020\/11\/DSC8416-1.jpg","type":"image\/jpeg"}],"twitter_card":"summary_large_image","twitter_misc":{"Gesch\u00e4tzte Lesezeit":"1\u00a0Minute"},"schema":{"@context":"https:\/\/schema.org","@graph":[{"@type":"WebSite","@id":"https:\/\/rosmarinchenskraeuterzauberey.de\/#website","url":"https:\/\/rosmarinchenskraeuterzauberey.de\/","name":"Rosmarinchens Kraeuterzauberey","description":"R\u00e4uchermischungen &amp; R\u00e4ucherzubeh\u00f6r kaufen","potentialAction":[{"@type":"SearchAction","target":{"@type":"EntryPoint","urlTemplate":"https:\/\/rosmarinchenskraeuterzauberey.de\/?s={search_term_string}"},"query-input":"required name=search_term_string"}],"inLanguage":"de"},{"@type":"ImageObject","@id":"https:\/\/rosmarinchenskraeuterzauberey.de\/?product=angelikawurzel#primaryimage","inLanguage":"de","url":"https:\/\/rosmarinchenskraeuterzauberey.de\/wp-content\/uploads\/2020\/11\/DSC8416-1.jpg","contentUrl":"https:\/\/rosmarinchenskraeuterzauberey.de\/wp-content\/uploads\/2020\/11\/DSC8416-1.jpg","width":2000,"height":1335},{"@type":"WebPage","@id":"https:\/\/rosmarinchenskraeuterzauberey.de\/?product=angelikawurzel#webpage","url":"https:\/\/rosmarinchenskraeuterzauberey.de\/?product=angelikawurzel","name":"Angelikawurzel - Rosmarinchens Kraeuterzauberey","isPartOf":{"@id":"https:\/\/rosmarinchenskraeuterzauberey.de\/#website"},"primaryImageOfPage":{"@id":"https:\/\/rosmarinchenskraeuterzauberey.de\/?product=angelikawurzel#primaryimage"},"datePublished":"2020-12-06T11:45:49+00:00","dateModified":"2020-12-09T19:19:00+00:00","breadcrumb":{"@id":"https:\/\/rosmarinchenskraeuterzauberey.de\/?product=angelikawurzel#breadcrumb"},"inLanguage":"de","potentialAction":[{"@type":"ReadAction","target":["https:\/\/rosmarinchenskraeuterzauberey.de\/?product=angelikawurzel"]}]},{"@type":"BreadcrumbList","@id":"https:\/\/rosmarinchenskraeuterzauberey.de\/?product=angelikawurzel#breadcrumb","itemListElement":[{"@type":"ListItem","position":1,"name":"Home","item":"https:\/\/rosmarinchenskraeuterzauberey.de\/"},{"@type":"ListItem","position":2,"name":"Shop","item":"https:\/\/rosmarinchenskraeuterzauberey.de\/?page_id=7"},{"@type":"ListItem","position":3,"name":"Angelikawurzel"}]}]}},"_links":{"self":[{"href":"https:\/\/rosmarinchenskraeuterzauberey.de\/index.php?rest_route=\/wp\/v2\/product\/329"}],"collection":[{"href":"https:\/\/rosmarinchenskraeuterzauberey.de\/index.php?rest_route=\/wp\/v2\/product"}],"about":[{"href":"https:\/\/rosmarinchenskraeuterzauberey.de\/index.php?rest_route=\/wp\/v2\/types\/product"}],"replies":[{"embeddable":true,"href":"https:\/\/rosmarinchenskraeuterzauberey.de\/index.php?rest_route=%2Fwp%2Fv2%2Fcomments&post=329"}],"wp:featuredmedia":[{"embeddable":true,"href":"https:\/\/rosmarinchenskraeuterzauberey.de\/index.php?rest_route=\/wp\/v2\/media\/242"}],"wp:attachment":[{"href":"https:\/\/rosmarinchenskraeuterzauberey.de\/index.php?rest_route=%2Fwp%2Fv2%2Fmedia&parent=329"}],"wp:term":[{"taxonomy":"product_cat","embeddable":true,"href":"https:\/\/rosmarinchenskraeuterzauberey.de\/index.php?rest_route=%2Fwp%2Fv2%2Fproduct_cat&post=329"},{"taxonomy":"product_tag","embeddable":true,"href":"https:\/\/rosmarinchenskraeuterzauberey.de\/index.php?rest_route=%2Fwp%2Fv2%2Fproduct_tag&post=329"}],"curies":[{"name":"wp","href":"https:\/\/api.w.org\/{rel}","templated":true}]}}