{"id":37,"date":"2020-09-01T15:13:20","date_gmt":"2020-09-01T15:13:20","guid":{"rendered":"https:\/\/rosmarinchenskraeuterzauberey.de\/?post_type=product&#038;p=37"},"modified":"2020-12-10T21:04:30","modified_gmt":"2020-12-10T21:04:30","slug":"holunderbluete","status":"publish","type":"product","link":"https:\/\/rosmarinchenskraeuterzauberey.de\/?product=holunderbluete","title":{"rendered":"Holunderbl\u00fcte"},"content":{"rendered":"<p><strong>Beschreibung:<\/strong><br \/>\nHolunderbl\u00fcten( Sambucus)<\/p>\n<p><strong>Verwendung und Wirkung:<\/strong><br \/>\nEin heiliger Baum unserer Vorfahren.<br \/>\nMan sagt unter dem Hollerbusch wohnen die G\u00f6tter\/ Naturgeister.<br \/>\nAuch heute noch findet man in l\u00e4ndlicher Gegend in den G\u00e4rten der Bauernh\u00f6fe mindestens einen Holunder.<br \/>\nEr soll vor Zauberei sch\u00fctzen, Krankheiten und \u00dcbles fernhalten.<br \/>\nDaher wird der Holler f\u00fcr Schutzr\u00e4ucherungen , die Ahnen ehrend, zur Reinigung und\u00a0 Danksagung verwendet.<br \/>\nAuch bei Verabschiedung nach Tod.<br \/>\nEr f\u00f6rdert die Intuition und die Hellsichtigkeit.<\/p>\n<p><strong>Duft:<\/strong><br \/>\nwarm, blumig, s\u00fc\u00df, lieblich<\/p>\n<p><strong>Anwendung:<\/strong><br \/>\nZu r\u00e4uchern auf Kohle oder St\u00f6vchen, einzeln oder als Mischung.<\/p>\n<p><strong>Verpackung:<\/strong><br \/>\nDas R\u00e4ucherwerk wird in Aromaschutzbeutel versandt.<\/p>\n<p><strong>Wichtiger Hinweis:<\/strong><br \/>\nDie R\u00e4ucherstoffe sind\/ ersetzen keine Heil- und\u00a0 Arzneimittel.<br \/>\nR\u00e4ucherwerk ist von Kindern und Tieren fernzuhalten.<\/p>\n","protected":false},"excerpt":{"rendered":"<p>Beschreibung: Holunderbl\u00fcten( Sambucus) Verwendung und Wirkung: Ein heiliger Baum unserer Vorfahren. Man sagt unter dem Hollerbusch wohnen die G\u00f6tter\/ Naturgeister. Auch heute noch findet man in l\u00e4ndlicher Gegend in den G\u00e4rten der Bauernh\u00f6fe mindestens einen Holunder. Er soll vor Zauberei sch\u00fctzen, Krankheiten und \u00dcbles fernhalten. Daher wird der Holler f\u00fcr Schutzr\u00e4ucherungen , die Ahnen ehrend,&hellip;&nbsp;<a href=\"https:\/\/rosmarinchenskraeuterzauberey.de\/?product=holunderbluete\" class=\"\" rel=\"bookmark\">Weiterlesen &raquo;<span class=\"screen-reader-text\">Holunderbl\u00fcte<\/span><\/a><\/p>\n","protected":false},"featured_media":38,"comment_status":"open","ping_status":"closed","template":"","meta":{"neve_meta_sidebar":"","neve_meta_container":"","neve_meta_enable_content_width":"off","neve_meta_content_width":0,"neve_meta_title_alignment":"","neve_meta_author_avatar":"","neve_post_elements_order":"","neve_meta_disable_header":"","neve_meta_disable_footer":"","neve_meta_disable_title":"","_themeisle_gutenberg_block_has_review":false,"_ti_tpc_template_sync":false,"_ti_tpc_template_id":""},"product_cat":[52],"product_tag":[],"yoast_head":"<!-- This site is optimized with the Yoast SEO plugin v18.5.1 - https:\/\/yoast.com\/wordpress\/plugins\/seo\/ -->\n<title>Holunderbl\u00fcte - Rosmarinchens Kraeuterzauberey<\/title>\n<meta name=\"robots\" content=\"index, follow, max-snippet:-1, max-image-preview:large, max-video-preview:-1\" \/>\n<link rel=\"canonical\" href=\"https:\/\/rosmarinchenskraeuterzauberey.de\/?product=holunderbluete\" \/>\n<meta property=\"og:locale\" content=\"de_DE\" \/>\n<meta property=\"og:type\" content=\"article\" \/>\n<meta property=\"og:title\" content=\"Holunderbl\u00fcte - Rosmarinchens Kraeuterzauberey\" \/>\n<meta property=\"og:description\" content=\"Beschreibung: Holunderbl\u00fcten( Sambucus) Verwendung und Wirkung: Ein heiliger Baum unserer Vorfahren. Man sagt unter dem Hollerbusch wohnen die G\u00f6tter\/ Naturgeister. Auch heute noch findet man in l\u00e4ndlicher Gegend in den G\u00e4rten der Bauernh\u00f6fe mindestens einen Holunder. Er soll vor Zauberei sch\u00fctzen, Krankheiten und \u00dcbles fernhalten. Daher wird der Holler f\u00fcr Schutzr\u00e4ucherungen , die Ahnen ehrend,&hellip;&nbsp;Weiterlesen &raquo;Holunderbl\u00fcte\" \/>\n<meta property=\"og:url\" content=\"https:\/\/rosmarinchenskraeuterzauberey.de\/?product=holunderbluete\" \/>\n<meta property=\"og:site_name\" content=\"Rosmarinchens Kraeuterzauberey\" \/>\n<meta property=\"article:modified_time\" content=\"2020-12-10T21:04:30+00:00\" \/>\n<meta property=\"og:image\" content=\"https:\/\/rosmarinchenskraeuterzauberey.de\/wp-content\/uploads\/2020\/09\/DSC8278_holunderbluete.jpg\" \/>\n\t<meta property=\"og:image:width\" content=\"2000\" \/>\n\t<meta property=\"og:image:height\" content=\"1335\" \/>\n\t<meta property=\"og:image:type\" content=\"image\/jpeg\" \/>\n<meta name=\"twitter:card\" content=\"summary_large_image\" \/>\n<meta name=\"twitter:label1\" content=\"Gesch\u00e4tzte Lesezeit\" \/>\n\t<meta name=\"twitter:data1\" content=\"1\u00a0Minute\" \/>\n<script type=\"application\/ld+json\" class=\"yoast-schema-graph\">{\"@context\":\"https:\/\/schema.org\",\"@graph\":[{\"@type\":\"WebSite\",\"@id\":\"https:\/\/rosmarinchenskraeuterzauberey.de\/#website\",\"url\":\"https:\/\/rosmarinchenskraeuterzauberey.de\/\",\"name\":\"Rosmarinchens Kraeuterzauberey\",\"description\":\"R\u00e4uchermischungen &amp; R\u00e4ucherzubeh\u00f6r kaufen\",\"potentialAction\":[{\"@type\":\"SearchAction\",\"target\":{\"@type\":\"EntryPoint\",\"urlTemplate\":\"https:\/\/rosmarinchenskraeuterzauberey.de\/?s={search_term_string}\"},\"query-input\":\"required name=search_term_string\"}],\"inLanguage\":\"de\"},{\"@type\":\"ImageObject\",\"@id\":\"https:\/\/rosmarinchenskraeuterzauberey.de\/?product=holunderbluete#primaryimage\",\"inLanguage\":\"de\",\"url\":\"https:\/\/rosmarinchenskraeuterzauberey.de\/wp-content\/uploads\/2020\/09\/DSC8278_holunderbluete.jpg\",\"contentUrl\":\"https:\/\/rosmarinchenskraeuterzauberey.de\/wp-content\/uploads\/2020\/09\/DSC8278_holunderbluete.jpg\",\"width\":2000,\"height\":1335},{\"@type\":\"WebPage\",\"@id\":\"https:\/\/rosmarinchenskraeuterzauberey.de\/?product=holunderbluete#webpage\",\"url\":\"https:\/\/rosmarinchenskraeuterzauberey.de\/?product=holunderbluete\",\"name\":\"Holunderbl\u00fcte - Rosmarinchens Kraeuterzauberey\",\"isPartOf\":{\"@id\":\"https:\/\/rosmarinchenskraeuterzauberey.de\/#website\"},\"primaryImageOfPage\":{\"@id\":\"https:\/\/rosmarinchenskraeuterzauberey.de\/?product=holunderbluete#primaryimage\"},\"datePublished\":\"2020-09-01T15:13:20+00:00\",\"dateModified\":\"2020-12-10T21:04:30+00:00\",\"breadcrumb\":{\"@id\":\"https:\/\/rosmarinchenskraeuterzauberey.de\/?product=holunderbluete#breadcrumb\"},\"inLanguage\":\"de\",\"potentialAction\":[{\"@type\":\"ReadAction\",\"target\":[\"https:\/\/rosmarinchenskraeuterzauberey.de\/?product=holunderbluete\"]}]},{\"@type\":\"BreadcrumbList\",\"@id\":\"https:\/\/rosmarinchenskraeuterzauberey.de\/?product=holunderbluete#breadcrumb\",\"itemListElement\":[{\"@type\":\"ListItem\",\"position\":1,\"name\":\"Home\",\"item\":\"https:\/\/rosmarinchenskraeuterzauberey.de\/\"},{\"@type\":\"ListItem\",\"position\":2,\"name\":\"Shop\",\"item\":\"https:\/\/rosmarinchenskraeuterzauberey.de\/?page_id=7\"},{\"@type\":\"ListItem\",\"position\":3,\"name\":\"Holunderbl\u00fcte\"}]}]}<\/script>\n<!-- \/ Yoast SEO plugin. -->","yoast_head_json":{"title":"Holunderbl\u00fcte - Rosmarinchens Kraeuterzauberey","robots":{"index":"index","follow":"follow","max-snippet":"max-snippet:-1","max-image-preview":"max-image-preview:large","max-video-preview":"max-video-preview:-1"},"canonical":"https:\/\/rosmarinchenskraeuterzauberey.de\/?product=holunderbluete","og_locale":"de_DE","og_type":"article","og_title":"Holunderbl\u00fcte - Rosmarinchens Kraeuterzauberey","og_description":"Beschreibung: Holunderbl\u00fcten( Sambucus) Verwendung und Wirkung: Ein heiliger Baum unserer Vorfahren. Man sagt unter dem Hollerbusch wohnen die G\u00f6tter\/ Naturgeister. Auch heute noch findet man in l\u00e4ndlicher Gegend in den G\u00e4rten der Bauernh\u00f6fe mindestens einen Holunder. Er soll vor Zauberei sch\u00fctzen, Krankheiten und \u00dcbles fernhalten. Daher wird der Holler f\u00fcr Schutzr\u00e4ucherungen , die Ahnen ehrend,&hellip;&nbsp;Weiterlesen &raquo;Holunderbl\u00fcte","og_url":"https:\/\/rosmarinchenskraeuterzauberey.de\/?product=holunderbluete","og_site_name":"Rosmarinchens Kraeuterzauberey","article_modified_time":"2020-12-10T21:04:30+00:00","og_image":[{"width":2000,"height":1335,"url":"https:\/\/rosmarinchenskraeuterzauberey.de\/wp-content\/uploads\/2020\/09\/DSC8278_holunderbluete.jpg","type":"image\/jpeg"}],"twitter_card":"summary_large_image","twitter_misc":{"Gesch\u00e4tzte Lesezeit":"1\u00a0Minute"},"schema":{"@context":"https:\/\/schema.org","@graph":[{"@type":"WebSite","@id":"https:\/\/rosmarinchenskraeuterzauberey.de\/#website","url":"https:\/\/rosmarinchenskraeuterzauberey.de\/","name":"Rosmarinchens Kraeuterzauberey","description":"R\u00e4uchermischungen &amp; R\u00e4ucherzubeh\u00f6r kaufen","potentialAction":[{"@type":"SearchAction","target":{"@type":"EntryPoint","urlTemplate":"https:\/\/rosmarinchenskraeuterzauberey.de\/?s={search_term_string}"},"query-input":"required name=search_term_string"}],"inLanguage":"de"},{"@type":"ImageObject","@id":"https:\/\/rosmarinchenskraeuterzauberey.de\/?product=holunderbluete#primaryimage","inLanguage":"de","url":"https:\/\/rosmarinchenskraeuterzauberey.de\/wp-content\/uploads\/2020\/09\/DSC8278_holunderbluete.jpg","contentUrl":"https:\/\/rosmarinchenskraeuterzauberey.de\/wp-content\/uploads\/2020\/09\/DSC8278_holunderbluete.jpg","width":2000,"height":1335},{"@type":"WebPage","@id":"https:\/\/rosmarinchenskraeuterzauberey.de\/?product=holunderbluete#webpage","url":"https:\/\/rosmarinchenskraeuterzauberey.de\/?product=holunderbluete","name":"Holunderbl\u00fcte - Rosmarinchens Kraeuterzauberey","isPartOf":{"@id":"https:\/\/rosmarinchenskraeuterzauberey.de\/#website"},"primaryImageOfPage":{"@id":"https:\/\/rosmarinchenskraeuterzauberey.de\/?product=holunderbluete#primaryimage"},"datePublished":"2020-09-01T15:13:20+00:00","dateModified":"2020-12-10T21:04:30+00:00","breadcrumb":{"@id":"https:\/\/rosmarinchenskraeuterzauberey.de\/?product=holunderbluete#breadcrumb"},"inLanguage":"de","potentialAction":[{"@type":"ReadAction","target":["https:\/\/rosmarinchenskraeuterzauberey.de\/?product=holunderbluete"]}]},{"@type":"BreadcrumbList","@id":"https:\/\/rosmarinchenskraeuterzauberey.de\/?product=holunderbluete#breadcrumb","itemListElement":[{"@type":"ListItem","position":1,"name":"Home","item":"https:\/\/rosmarinchenskraeuterzauberey.de\/"},{"@type":"ListItem","position":2,"name":"Shop","item":"https:\/\/rosmarinchenskraeuterzauberey.de\/?page_id=7"},{"@type":"ListItem","position":3,"name":"Holunderbl\u00fcte"}]}]}},"_links":{"self":[{"href":"https:\/\/rosmarinchenskraeuterzauberey.de\/index.php?rest_route=\/wp\/v2\/product\/37"}],"collection":[{"href":"https:\/\/rosmarinchenskraeuterzauberey.de\/index.php?rest_route=\/wp\/v2\/product"}],"about":[{"href":"https:\/\/rosmarinchenskraeuterzauberey.de\/index.php?rest_route=\/wp\/v2\/types\/product"}],"replies":[{"embeddable":true,"href":"https:\/\/rosmarinchenskraeuterzauberey.de\/index.php?rest_route=%2Fwp%2Fv2%2Fcomments&post=37"}],"wp:featuredmedia":[{"embeddable":true,"href":"https:\/\/rosmarinchenskraeuterzauberey.de\/index.php?rest_route=\/wp\/v2\/media\/38"}],"wp:attachment":[{"href":"https:\/\/rosmarinchenskraeuterzauberey.de\/index.php?rest_route=%2Fwp%2Fv2%2Fmedia&parent=37"}],"wp:term":[{"taxonomy":"product_cat","embeddable":true,"href":"https:\/\/rosmarinchenskraeuterzauberey.de\/index.php?rest_route=%2Fwp%2Fv2%2Fproduct_cat&post=37"},{"taxonomy":"product_tag","embeddable":true,"href":"https:\/\/rosmarinchenskraeuterzauberey.de\/index.php?rest_route=%2Fwp%2Fv2%2Fproduct_tag&post=37"}],"curies":[{"name":"wp","href":"https:\/\/api.w.org\/{rel}","templated":true}]}}